of d?
3, 1433
Suppose 2*k = 3*r + 23943, -23*r = -2*k - 19*r + 23950. List the prime factors of k.
3, 443
Let c = 65 + -68. What are the prime factors of 6/(-9) - (c + (-3512)/12)?
5, 59
Let n be ((-15)/(-3) - 6) + 9/(-3). What are the prime factors of -7 - n - (-366 - 3)?
2, 3, 61
Suppose -35 = -5*r - x + 50, 0 = 3*r + 3*x - 39. List the prime factors of (388/6)/(12/r).
97
Let y = 18084 - 6148. What are the prime factors of y?
2, 373
Let r = 14167 + -8636. List the prime factors of r.
5531
Suppose 12*c - 7*c = -3*t - 105, -101 = 4*c - t. What are the prime factors of -34*(-2*1)/((-32)/c)?
3, 17
Suppose 5*y - 32273 = 28*x - 30*x, -y = -3*x + 48452. What are the prime factors of x?
3, 7, 769
Suppose 442*z = 478*z - 1512. What are the prime factors of z?
2, 3, 7
Let m(p) = 13*p - 107. Let x be m(-8). Let r(n) = -93*n - 11. Let w be r(-5). Let i = x + w. What are the prime factors of i?
3
Let u be -1162*(-8)/((-80)/(-45)). Suppose -u = 15*y - 24*y. List the prime factors of y.
7, 83
Let q(y) be the first derivative of 2*y + 0*y**2 - 3 - 10*y + 12*y**2. What are the prime factors of q(4)?
2, 11
Suppose 93*p = 3544221 + 151692. List the prime factors of p.
3, 13, 1019
Let m be (-1 - (-3 - -5))*-3. Let g(k) = 2*k**2 + 11*k - 13. List the prime factors of g(m).
2, 31
Let l = -8890 + 20647. List the prime factors of l.
3, 3919
Suppose k = 5*l + 10, -3*k - 3*l + 25 + 41 = 0. Suppose -11*u - k = -15*u. Suppose -2*d = f - 3, 4*f = -0*f - u*d + 27. What are the prime factors of f?
13
Let h be (3 + 115/(-35))*(-5 - 2). Suppose 5*g - 3620 = -h*v, 0*v + 25 = 5*v. What are the prime factors of g?
2, 19
Suppose r - 11943 - 1798 = 1864. What are the prime factors of r?
5, 3121
Let u be (5/6 + 0)*(4 + 2). Suppose -260 = -4*y + 3*k, -2*y = -u*y + 5*k + 195. What are the prime factors of y?
5, 13
What are the prime factors of 1223 - (-6 - (6 + -2 - 2))?
1231
Let s(h) = 4615*h**2 + 53*h - 102. What are the prime factors of s(2)?
2, 577
Suppose 0 = 4*o - w - 11298, 76*o = 68*o + 4*w + 22584. List the prime factors of o.
2, 3, 157
Let o(t) = -5*t + 12. Let k be o(0). Suppose k*l - 4297 = 683. List the prime factors of l.
5, 83
Let o = -46 + 48. Suppose 3*u - 607 = 773. Suppose -o*t - 2*t + u = 0. What are the prime factors of t?
5, 23
Let u be (-7 + (-36)/(-4))*2. Suppose 4*h + h = -5, u*w - h - 4145 = 0. What are the prime factors of w?
2, 7, 37
Suppose 157*b - 1302926 = 1405324. What are the prime factors of b?
2, 3, 5, 23
Suppose 31*s = -3*s - 56212 + 161918. List the prime factors of s.
3109
Let j = -6 + 2. Let o be 6/j*6/(-3). What are the prime factors of (o*-15 + 4)*-2?
2, 41
Let m(s) = -s**2 - 28*s + 33. Let j be m(-29). Let b(o) = 2*o - 2. Let z be b(j). Suppose -11*t = -z*t - 175. What are the prime factors of t?
5, 7
Suppose 10*l = 32*l + 16016. List the prime factors of (3*-38)/(78/l).
2, 7, 19
Suppose -b = -104 - 42. Let c = 886 - 512. Let g = c - b. List the prime factors of g.
2, 3, 19
Let d(l) = 234*l - 1. Let h be d(-2). Let o = 331 + h. List the prime factors of ((-6)/9)/(((-8)/o)/(-2)).
23
Let h(f) = 126*f**2 - 103*f + 66. What are the prime factors of h(12)?
2, 3, 23, 41
Let a be ((-22437)/(-18))/((-4)/(-8)). Let v = 3843 - a. List the prime factors of v.
2, 3, 5
Let h be (-3)/(-1) - (252 - 5). Suppose 28*i = -495 - 961. Let o = i - h. What are the prime factors of o?
2, 3
Let b(o) = o**3 - 7*o**2 + 11*o - 6. Let g be b(10). Suppose 5*n = 104 - g. Let h = n + 166. What are the prime factors of h?
2, 53
Suppose 0 = 2*o - 5*d - 52197, 3*o - 5*d + 4*d = 78289. List the prime factors of o.
2, 7, 233
Suppose 0 = 2*p + 681 - 5819. What are the prime factors of p?
7, 367
Let x be (-8)/(-5)*(-35)/(-28) - 6. Suppose 0*w + 4*w = -12. List the prime factors of (x/4*21)/(w/27).
3, 7
Suppose -4*c + 3*c + 6 = 0. Suppose -x = 5*f - 2587, 0 = -c*f + 4*f - 5*x + 1021. List the prime factors of f.
2, 7, 37
Suppose 4 = 7*f - 3. Let v be (-2 - 29)*f/(-1). Suppose -45 = v*l - 36*l. What are the prime factors of l?
3
Suppose 2*a - 4776 = -2*p, 5*p - 3194 - 8755 = 4*a. List the prime factors of p.
2389
Let i = -7928 - -15009. List the prime factors of i.
73, 97
Let f(z) = 2*z**3 - 7*z**2 - 3*z + 20. Let y be f(4). Suppose -g + 7125 = y*g. List the prime factors of g.
3, 5, 19
Let g = 1040 + -766. Suppose -j + 297 = g. List the prime factors of j.
23
Suppose -2717 = 2*u - 4721. What are the prime factors of u?
2, 3, 167
Let p = 24701 + -12763. List the prime factors of p.
2, 47, 127
Suppose -25*v + 21*v = 3*c - 118584, 0 = 2*c - v - 79056. What are the prime factors of c?
2, 3, 61
Suppose 3*y + r - 7 = y, 2*r = -2*y + 8. Suppose y*s + 29*s = 8480. What are the prime factors of s?
5, 53
Let y(k) = k**3 + 14*k**2 - 19*k + 13. Suppose 0*s = -6*s - 78. What are the prime factors of y(s)?
3, 11, 13
Let m = 192 - -216. Suppose 2*l + 2*u = m, -11*l - u + 825 = -7*l. What are the prime factors of l?
3, 23
Let f be (-5 + 4)/(5/(-75)). Let w(v) = -9 - f*v - v**2 + 14*v**2 + 31*v - v**3. What are the prime factors of w(13)?
199
Let j(x) = -3 - 4*x + 10*x**2 - 5 - 4 - x**3 - 6*x. Let v be j(8). List the prime factors of 1056/v + 4/6.
2, 3, 5
Let v = -48638 + 69952. List the prime factors of v.
2, 10657
Let p(t) = 33*t**3 + t**2 - 3*t - 1. Let y be p(3). Suppose 0 = -z - 331 + y. What are the prime factors of z?
13, 43
Suppose 17*v - 14*v = 21. Let c be ((-14)/(-3))/v*6. Suppose -5*o = -c*o - 114. List the prime factors of o.
2, 3, 19
Suppose 25*p - 25007 + 284 - 8052 = 0. What are the prime factors of p?
3, 19, 23
List the prime factors of (9/(-3))/((-33)/432509).
7, 41, 137
Let q be -2 - 201/3 - 1. Let k = q - -144. Suppose -154 = -4*m + k. List the prime factors of m.
3, 19
Let g(j) be the first derivative of j**3/3 + 9*j**2/2 + 38*j + 2. Suppose -5*u - 84*t + 87*t = 45, 0 = -5*u - t - 25. List the prime factors of g(u).
2, 5
Suppose 204 = 9*x - 7*x. Let g = 782 - x. What are the prime factors of g?
2, 5, 17
Suppose 29843 = 3*k - 2*h, -731*k + 727*k - 4*h + 39784 = 0. List the prime factors of k.
7, 29
Let x(c) = -30*c**2 + 276*c - 3. List the prime factors of x(3).
3, 5, 37
Let v(j) = -171*j - 602. What are the prime factors of v(-34)?
2, 1303
Suppose 23*d - 3*d = -60. Let p(o) = -188*o - 33. What are the prime factors of p(d)?
3, 59
Suppose 4*p + 45134 = 2*v, 0 = 10*v - 15*v - 5*p + 112775. What are the prime factors of v?
17, 1327
Let w = 64 + 23. Let l = w + 256. What are the prime factors of l?
7
Suppose -369*p - 24290 = -371*p. List the prime factors of p.
5, 7, 347
Let t(w) = w**2 - 42*w - 34. Let x be t(-15). List the prime factors of x/2 + 13/26.
3, 137
List the prime factors of (-9 - -11 - 1)/(3/51855).
5, 3457
Let g be 7/(((-44)/208)/11). What are the prime factors of 164/((-338)/g - (-3)/(-7))?
2, 41
Suppose 9*l - 15*l = 36. What are the prime factors of l*(-223)/3 - 3?
443
Suppose 781660 = 45*y - 9*y + 2*y. List the prime factors of y.
2, 5, 11, 17
Suppose 120*f - 3*v - 39082 = 115*f, -f = 2*v - 7819. What are the prime factors of f?
7817
Let p(j) = -j**3 + 32*j**2 - 30*j - 29. Let n be p(31). Suppose n*m = 11 + 9. What are the prime factors of m?
2, 5
Let z(k) be the first derivative of 9*k**2/2 + 21*k + 11. Let t be z(-7). List the prime factors of (-274)/(-14) + 24/t.
19
Let k(q) = 9*q - 1 + 20*q + 12 + 9*q. Let x be k(6). Suppose -3*j - 2*i = -x, 2*j - j + 2*i = 73. What are the prime factors of j?
83
Let p = -27 + -111. List the prime factors of (-1 + 32/36)*p*36.
2, 3, 23
Suppose 0 = 3*q - 3*w + 16381 - 66676, 0 = 2*q - w - 33530. List the prime factors of q.
5, 7, 479
Suppose -4*q + 4*d = -0*d - 25128, d - 12552 = -2*q. Suppose -q = -36*k + 4558. What are the prime factors of k?
7, 43
Suppose 93*q - 249*q = -567060. List the prime factors of q.
5, 727
Let p(c) = c**3 - 43*c**2 - 21*c - 425. What are the prime factors of p(50)?
5, 641
Suppose -v - 4*l + 7126 = 0, -3*v + l = -3*l - 21490. What are the prime factors of v?
2, 7, 73
Let r = -99 - -105. What are the prime factors of 4 + 49/((-3)/r - -1)?
2, 3, 17
Let x(f) = 8*f**3 - 2*f**2 - 92*f + 145. List the prime factors of x(16).
157, 197
Suppose -5*g = -833 + 4538. Let y = 1212 + g. What are the prime factors of y?
3, 157
List the prime factors of (-6)/(-48) + (-10532549)/(-344).
2, 3, 7
Let o = 12873 + -